 q. Let h(c) = c + 2. Let z be h(7). Calculate the highest common factor of z and v.
1
Let c(o) = -o**2 - 2*o. Let d be c(-5). Let i = d - -21. Suppose 2*m = 5*r - 13, -2*r + 2 = 4*m - 32. Calculate the highest common factor of i and m.
6
Let q = 223 - -87. Calculate the greatest common divisor of q and 31.
31
Suppose -7*i - 4*a = -3*i + 12, -5*a - 25 = 0. Suppose 3*s = 4*g - 31, g + 2*s - 19 = -s. Calculate the greatest common divisor of g and i.
2
Let j(o) = 3*o - 5. Let a = 15 + -8. Let m be j(a). What is the highest common factor of 2 and m?
2
Let j = -42 - -48. Calculate the highest common divisor of 4 and j.
2
Let j be (212/6)/(18/27). What is the greatest common divisor of 212 and j?
53
Let m(k) be the third derivative of 3*k**5/20 - 5*k**4/24 - 2*k**3/3 - k**2. Let h be m(4). Let g = 8 - -4. Calculate the highest common factor of g and h.
12
Let d = 80 - 68. What is the highest common divisor of 20 and d?
4
Suppose s + 3*s + 4 = 0. Let d = s - -3. Let b be 4 - ((3 - 1) + 4/(-4)). What is the greatest common divisor of b and d?
1
Let w(b) = 7*b - 51. Let t be w(11). Calculate the greatest common factor of t and 13.
13
Let z(c) = 2*c**2 + 5*c + 23. Let q be z(-11). Calculate the greatest common divisor of q and 30.
30
Let l be (4/3)/((-2)/(-21)). What is the highest common divisor of l and 56?
14
Let m(t) = t**3 + 8*t**2 + 3*t. Let a be m(-3). Let b be 2*90/(3 + -1). What is the highest common divisor of a and b?
18
Let x = -8 + 11. Suppose -3*j - 38 = -2*z + 1, 0 = -z - x*j - 3. Suppose 0*t + 540 = 5*t. What is the greatest common factor of z and t?
12
Let n(y) = -y**2 - 6*y + 1. Let w be n(-4). Suppose 0 = -3*b - 5*a + 6 + w, 0 = 5*a + 15. Calculate the highest common factor of 110 and b.
10
Suppose -3*z + 22 + 2 = 0. What is the greatest common divisor of 72 and z?
8
Let h(k) be the second derivative of -k**5/20 + 5*k**4/12 + 3*k**3/2 - 7*k**2/2 - 2*k. Let s be h(6). What is the highest common divisor of s and 121?
11
Let w(y) = y**2 + y - 2. Let z be w(-3). Suppose -5*k + 41 = 4*a, 7*a - 10 = 2*a + 2*k. Suppose a*t + 20 = 5*t. What is the greatest common divisor of z and t?
4
Let i = -30 - -42. Suppose -4*g = 4, -2*l + g + 6 - 1 = 0. Let f be (l - -1 - 2) + 29. Calculate the highest common factor of f and i.
6
Suppose 6*k + 2 - 14 = 0. Calculate the greatest common factor of 18 and k.
2
Suppose 8*m = 73 + 183. What is the highest common factor of m and 16?
16
Suppose -g - 4*w + 147 = 0, 3*g + 5*w + 16 = 450. Calculate the greatest common factor of 11 and g.
11
Suppose 0 = 16*h - 20*h + 72. What is the highest common divisor of h and 306?
18
Suppose -i - 2*q = i - 48, -2*i - 5*q = -48. Let h(w) = -w**3 + 6*w**2 - 3*w + 4. Let p be h(4). Calculate the highest common divisor of p and i.
24
Suppose 2*l - 65 + 19 = 0. What is the highest common factor of 46 and l?
23
Let n = -31 - -35. Let v(d) = -3 - 2 - 2*d + 10*d**2 - d. Let u be v(n). What is the highest common divisor of 13 and u?
13
Suppose 3*g - 19 - 65 = 0. Calculate the greatest common factor of g and 14.
14
Suppose 3*y - 4*q - 200 = q, -5*y = -4*q - 342. What is the highest common factor of 175 and y?
35
Let o(u) = u**3 + 12*u**2 + 13*u - 5. Let q be o(-10). What is the greatest common divisor of q and 13?
13
Let n = 15 - -6. Suppose 0 = -3*j + 3*c - 0*c + n, -12 = -j + 2*c. Suppose -j*w + 36 = 2*w. Calculate the highest common divisor of 9 and w.
9
Suppose 0*q + 9*q - 45 = 0. Calculate the greatest common divisor of 35 and q.
5
Let n(j) = j + 6. Let o be n(-7). Let x be (o/2)/((-1)/32). What is the greatest common divisor of x and 40?
8
Suppose -2*i + 0*i = 14. Let d(g) = -g - 4. Let z be d(i). What is the greatest common factor of z and 15?
3
Let q be 789/9 + 2/6. Suppose -y = 3*y - q. Let m(o) = -o**3 - o + 2. Let x be m(0). What is the highest common divisor of x and y?
2
Let g(p) = -6*p - 5. Let s be g(-10). Suppose 5*y - s = -i, -2*y + 10 = 4. What is the highest common factor of 100 and i?
20
Let i = 147 - 144. Suppose -3*r + 3*d = -51, 4*r = -d - 3 + 46. Calculate the greatest common factor of r and i.
3
Let a be (-6)/(-8) + 290/40. Calculate the greatest common divisor of a and 64.
8
Let x(q) = 116*q - 1. Let n be x(1). Calculate the greatest common factor of 46 and n.
23
Suppose 0 = 6*k + 3*k - 342. What is the greatest common divisor of k and 38?
38
Suppose -4*z + 3*l = -135, 5*l - 16 + 1 = 0. Calculate the greatest common divisor of z and 24.
12
Let j(t) = -t**3 - 3*t**2 - 2*t - 1. Let m be j(-3). Suppose m*g - 59 = 3*p, -5*g + 2*p = 7*p - 35. What is the highest common factor of g and 5?
5
Let v = -3 - -8. Let r be 1/v + 78/10. What is the greatest common divisor of 88 and r?
8
Suppose 20*f - 28 = 19*f. What is the greatest common divisor of f and 28?
28
Let y be 5*((-4)/(-3))/(10/6). What is the highest common factor of y and 2?
2
Let c(b) = -3. Let q(v) = -v + 7. Let a(o) = 9*c(o) + 4*q(o). Let u be a(-1). Suppose 83 + 92 = u*f. Calculate the greatest common divisor of 14 and f.
7
Let f(k) = -109*k + 6. Let b be f(-2). What is the highest common divisor of b and 32?
32
Suppose 26 + 14 = 5*d + 4*h, -2*h + 14 = d. What is the highest common factor of 6 and d?
2
Let k(h) = 4*h**3 - h**2 - 2*h + 6. Let c be k(3). Calculate the greatest common divisor of 11 and c.
11
Let g(l) = l**3 - 3*l**2 + 3*l + 3. Let z be g(3). Let s = 3 + 0. Suppose -2*p = -s*p + z. What is the greatest common divisor of p and 108?
12
Suppose 0*x - 5*x + 325 = 0. Suppose 55 = 5*o - x. Let c be 40/6 - (-36)/(-54). Calculate the greatest common factor of c and o.
6
Let s be (27/2)/(2/4). Let c = -7 + s. Calculate the greatest common divisor of c and 80.
20
Let d(u) = -u**3 - 3*u**2 + 4*u + 4. Let n be (-18)/(-4)*24/(-18). Let i be d(n). What is the highest common factor of i and 11?
11
Suppose -5*w = 203 + 107. Let c = w - -35. Let x be (-2193)/c + (-4)/18. Calculate the highest common divisor of x and 9.
9
Suppose -1 = u - 2. Let g(j) be the third derivative of j**5/60 - j**4/12 + j**3/6 - j**2. Let n be g(4). What is the highest common divisor of u and n?
1
Suppose -5*f = 3*g - 29 - 2, -4*f = 2*g - 18. Calculate the greatest common divisor of 119 and g.
17
Let g(i) = 10*i. Suppose -3 - 1 = 4*t. Let r be (t/4)/((-2)/16). Let h be g(r). What is the highest common divisor of h and 10?
10
Let u be (-22)/(-11)*(-6)/(-4). Suppose -u*g + 87 = 5*b, -4*g = 1 - 17. Calculate the greatest common factor of b and 60.
15
Suppose 3*h - 14 = -5*c, -c = 5*h + 4*c - 30. Let b be 2 - (-2 + 2 - -2). Suppose x + 5*n - 44 = -b*x, -12 = 3*n. What is the greatest common factor of h and x?
8
Suppose 2*i - i + 5 = 4*w, 4 = i + 5*w. Let n be (i - -3) + (22 - -3). What is the highest common divisor of n and 108?
27
Suppose -3*g - 15 = -6*g, 5*n - 5*g = 25. What is the greatest common factor of n and 70?
10
Suppose q + 0 = -1. Let p be 99/(0 - (-2 - q)). Let g = 3 + 6. What is the highest common divisor of g and p?
9
Let t be 1/(6/(-5) - -1). Let r = 2 + t. Let w be (0 - (-20)/(-6))*r. What is the greatest common factor of w and 2?
2
Let s = -13 - -67. Suppose 3*i - 7*i = -u - 68, 2*i + 4*u - 52 = 0. What is the highest common factor of s and i?
18
Suppose -p - 234 = -10*p. Calculate the greatest common divisor of 78 and p.
26
Let m be ((-8)/10)/(4/(-10)). Let j be ((-20)/6)/(m/(-6)). Suppose 5*n = 3*v - 21, -2 = -2*v + 3*n + 11. What is the highest common factor of v and j?
2
Let f be (-7)/1 - -4 - 59/(-1). Calculate the highest common factor of f and 14.
14
Let t be (15 - 0) + -6 + 3. Calculate the greatest common factor of 48 and t.
12
Suppose -g = -2*g + 4. What is the highest common factor of 44 and g?
4
Suppose d + 0*d = g + 5, -3*g + 1 = -d. What is the highest common divisor of 64 and d?
8
Suppose 5*a - 19 = 6, -4*a = -2*f. Calculate the greatest common divisor of 40 and f.
10
Suppose -16*x + 21*x - 220 = 0. What is the greatest common factor of x and 11?
11
Suppose -5*v = -2*d - 2*d + 148, 4*d + 3*v - 148 = 0. Calculate the highest common divisor of d and 407.
37
Let z(k) = 12*k**2 + k + 1. Let m be z(-1). Suppose 4*l = -2*w + 392, 5*w - 348 = -5*l + 152. What is the greatest common factor of m and l?
12
Suppose -3 = 4*j - 11. Let o(t) = t**2 + 3 + t + t**3 + 6*t + 8*t**j. Let i be o(-8). What is the greatest 